{"id":5673,"date":"2018-11-17T11:02:23","date_gmt":"2018-11-17T09:02:23","guid":{"rendered":"http:\/\/westcarpet.ro\/?page_id=5673"},"modified":"2018-11-18T12:17:44","modified_gmt":"2018-11-18T10:17:44","slug":"aplicator-dialyson","status":"publish","type":"page","link":"https:\/\/westcarpet.ro\/index.php\/aplicator-dialyson\/","title":{"rendered":"Aplicator Dialyson"},"content":{"rendered":"<p>[et_pb_section fb_built=&#8221;1&#8243; _builder_version=&#8221;3.11.1&#8243;][et_pb_row _builder_version=&#8221;3.11.1&#8243;][et_pb_column type=&#8221;4_4&#8243; _builder_version=&#8221;3.11.1&#8243; parallax=&#8221;off&#8221; parallax_method=&#8221;on&#8221;][et_pb_text _builder_version=&#8221;3.11.1&#8243;]<\/p>\n<h2 style=\"text-align: center;\"><strong>Aplicator Dialyson<\/strong><\/h2>\n<p>[\/et_pb_text][\/et_pb_column][\/et_pb_row][et_pb_row custom_margin=&#8221;|||||true&#8221; padding_left_right_link_1=&#8221;true&#8221; padding_left_right_link_2=&#8221;true&#8221; padding_right_2=&#8221;41px&#8221; padding_left_2=&#8221;41px&#8221; _builder_version=&#8221;3.11.1&#8243;][et_pb_column type=&#8221;1_2&#8243; _builder_version=&#8221;3.11.1&#8243; parallax=&#8221;off&#8221; parallax_method=&#8221;on&#8221;][et_pb_text _builder_version=&#8221;3.11.1&#8243;]<\/p>\n<p style=\"text-align: justify;\">Concentrat prepulverizare utilizabil la orice opera\u021biuni obi\u0219nuite de cur\u0103\u021bare a covoarelor\u00a0\u0219i a tapi\u021beriei, precum \u0219i pentru materialele textile ne\u021besute, compactizate cu pl\u0103ci cu ace\u0219i pentru mochetele Kugelgarn\u00ae<\/p>\n<p style=\"text-align: justify;\">Din punct de vedere al tehnicii de dezvoltare, produsul este unul de ultim\u0103 genera\u021bie, respect\u00e2nd toate tehnicile de colorare cunoscute \u00een prezent, at\u00e2t \u00een ceea ce prive\u0219te fibrele sintetice, c\u00e2t \u0219i cele naturale.<\/p>\n<ul style=\"text-align: justify;\">\n<li>dizolv\u0103 petele \u00een milisecunde, f\u0103r\u0103 a afecta fibrele covoarelor<\/li>\n<li>se poate dilua cu ap\u0103 p\u00e2n\u0103 la 1:40<\/li>\n<li>\u00een cazul unei utiliz\u0103ri adecvate, coeficientul de remurd\u0103rire va corespunde aproximativ cu cel al unui covor nou amplasat<\/li>\n<li>conform DIN 38 412 L 25 (testul Zahn &#8211; Wellens) biodegradabilitatea este de 88% dup\u0103 doar opt zile<\/li>\n<li>p\u00e2n\u0103 \u00een prezent nu s-au observat reac\u021bii alergice<\/li>\n<li>Dialyson Applikator nu con\u021bine substan\u021be considerate periculoase \u00een conformitate cu Ordonan\u021ba privind substan\u021bele periculoase<\/li>\n<li>v\u0103 rug\u0103m s\u0103 efectua\u021bi un test de culoare<\/li>\n<li>v\u0103 rug\u0103m s\u0103 nu l\u0103sa\u021bi produsul la \u00eendem\u00e2na copiilor.<\/li>\n<\/ul>\n<p>[\/et_pb_text][\/et_pb_column][et_pb_column type=&#8221;1_2&#8243; _builder_version=&#8221;3.11.1&#8243; padding_left=&#8221;41px&#8221; padding_right=&#8221;41px&#8221; parallax=&#8221;off&#8221; parallax_method=&#8221;on&#8221;][et_pb_image src=&#8221;https:\/\/westcarpet.ro\/wp-content\/uploads\/2018\/11\/Aplicatior-Daylison.jpg&#8221; _builder_version=&#8221;3.11.1&#8243; custom_padding=&#8221;|25px||25px||true&#8221; animation_style=&#8221;fade&#8221;][\/et_pb_image][\/et_pb_column][\/et_pb_row][et_pb_row _builder_version=&#8221;3.11.1&#8243;][et_pb_column type=&#8221;4_4&#8243; _builder_version=&#8221;3.11.1&#8243; parallax=&#8221;off&#8221; parallax_method=&#8221;on&#8221;][et_pb_tabs active_tab_background_color=&#8221;#0b1bc4&#8243; inactive_tab_background_color=&#8221;#0c71c3&#8243; _builder_version=&#8221;3.11.1&#8243; tab_font=&#8221;||||||||&#8221; tab_text_color=&#8221;#ffffff&#8221;][et_pb_tab title=&#8221;Cur\u0103\u021bare cu pad textil&#8221; _builder_version=&#8221;3.11.1&#8243;]<\/p>\n<p style=\"text-align: justify;\">Dac\u0103 este necesar, pulveriza\u021bi pu\u021bin Dialyson Expert-A peste pete.<\/p>\n<p style=\"text-align: justify;\">Umezi\u021bi \u00eentreaga suprafa\u021b\u0103 cu Dialyson Applikator (diluat cu ap\u0103 \u00een medie 1:20)<\/p>\n<p style=\"text-align: justify;\">Cur\u0103\u021ba\u021bi mocheta cu un aparat monodisc de cur\u0103\u021bat prin intermediul discului textil. \u00cen acest scop v\u0103 punem la dispozi\u021bie discuri textile cu fire aspre (maro) \u0219i discuri cu fire fine (verde). \u00cen cazul \u00een care ave\u021bi \u00eendoieli, utiliza\u021bi numai discul mai fin, cel verde sau lua\u021bi leg\u0103tura cu noi. Discul cu fire aspre, cel maro, ar trebui utilizat, \u00een principiu, \u00een cazul articolelor din catifea.<\/p>\n<p style=\"text-align: justify;\">V\u0103 rug\u0103m s\u0103 cur\u0103\u021ba\u021bi covoarele din perlon \u00een toate cazurile cu discul verde.<\/p>\n<p style=\"text-align: justify;\"><strong>Ve\u021bi avea nevoie de:<\/strong><\/p>\n<ul>\n<li style=\"text-align: justify;\">Dialyson Applikator<\/li>\n<li style=\"text-align: justify;\">Dialyson Expert-A, pentru pretratarea petelor, dac\u0103 este necesar<\/li>\n<li style=\"text-align: justify;\">aparat monodisc<\/li>\n<li style=\"text-align: justify;\">discuri textile<\/li>\n<li style=\"text-align: justify;\">pomp\u0103 de pulverizare (electric\u0103 ori manual\u0103)<\/li>\n<\/ul>\n<p>[\/et_pb_tab][et_pb_tab title=&#8221;Cur\u0103\u021bare prin extrac\u021bie&#8221; _builder_version=&#8221;3.11.1&#8243;]<\/p>\n<p style=\"text-align: justify;\">Pulveriza\u021bi covorul cu Dialyson Expert &#8211; A pur (\u00een cazul unei pete minore dilua\u021bi cu ap\u0103 p\u00e2n\u0103 la 1:10), dup\u0103 care extrage\u021bi substan\u021ba din covor cu ap\u0103 curat\u0103.<\/p>\n<p style=\"text-align: justify;\">\u00cen cazul \u00een care dori\u021bi s\u0103 trata\u021bi petele cu Dialyson Expert-C, recomand\u0103m s\u0103 efectua\u021bi opera\u021biunea anterior cur\u0103\u021b\u0103rii prin extrac\u021bie. V\u0103 rug\u0103m s\u0103 verifica\u021bi mai \u00eent\u00e2i eficien\u021ba cur\u0103\u021b\u0103rii prin intermediul discurilor textile sau al granulelor.<\/p>\n<p style=\"text-align: justify;\"><strong>Ve\u021bi avea nevoie de:<\/strong><\/p>\n<ul>\n<li style=\"text-align: justify;\">Dialyson Applikator<\/li>\n<li style=\"text-align: justify;\">Dialyson Expert-A (pentru bumbac)<\/li>\n<li style=\"text-align: justify;\">pomp\u0103 de pulverizare (electric\u0103 ori manual\u0103)<\/li>\n<li style=\"text-align: justify;\">aparat de extrac\u021bie<\/li>\n<\/ul>\n<p>[\/et_pb_tab][et_pb_tab title=&#8221;Cur\u0103\u021barea prin granule&#8221; _builder_version=&#8221;3.11.1&#8243;]<\/p>\n<p style=\"text-align: justify;\">Pulveriza\u021bi covorul cu Dialyson Applikator, urm\u00e2nd s\u0103 pres\u0103ra\u021bi granulele pe covor, apoi \u00eencorpora\u021bi-le cu mi\u0219c\u0103ri \u00eencruci\u0219ate prin intermediul unui aparat de periere contrarotativ. Aspira\u021bi imediat.<\/p>\n<p style=\"text-align: justify;\"><strong>Ve\u021bi avea nevoie de:<\/strong><\/p>\n<ul>\n<li style=\"text-align: justify;\">Dialyson Applikator<\/li>\n<li style=\"text-align: justify;\">Dialyson Naturell (granule)<\/li>\n<li style=\"text-align: justify;\">aparat de periere contrarotativ<\/li>\n<li style=\"text-align: justify;\">pomp\u0103 de pulverizare (electric\u0103 ori manual\u0103)<\/li>\n<li style=\"text-align: justify;\">aspirator<\/li>\n<\/ul>\n<p>[\/et_pb_tab][\/et_pb_tabs][\/et_pb_column][\/et_pb_row][et_pb_row _builder_version=&#8221;3.11.1&#8243;][et_pb_column type=&#8221;4_4&#8243; _builder_version=&#8221;3.11.1&#8243; parallax=&#8221;off&#8221; parallax_method=&#8221;on&#8221;][et_pb_cta title=&#8221;Fisa tehnica a produsului&#8221; button_url=&#8221;https:\/\/westcarpet.ro\/wp-content\/uploads\/2018\/11\/Fisa-Dialyson-Applikator.pdf&#8221; button_text=&#8221;Click Here&#8221; _builder_version=&#8221;3.11.1&#8243; custom_button=&#8221;on&#8221; button_border_radius=&#8221;100px&#8221; button_font=&#8221;||||||||&#8221; global_module=&#8221;5791&#8243; saved_tabs=&#8221;all&#8221;]Pentru a afla mai multe informatii despre produs accesati linkul de mai jos<br \/>\n[\/et_pb_cta][\/et_pb_column][\/et_pb_row][\/et_pb_section]<\/p>\n","protected":false},"excerpt":{"rendered":"<p>[et_pb_section fb_built=&#8221;1&#8243; _builder_version=&#8221;3.11.1&#8243;][et_pb_row _builder_version=&#8221;3.11.1&#8243;][et_pb_column type=&#8221;4_4&#8243; _builder_version=&#8221;3.11.1&#8243; parallax=&#8221;off&#8221; parallax_method=&#8221;on&#8221;][et_pb_text _builder_version=&#8221;3.11.1&#8243;] Aplicator Dialyson [\/et_pb_text][\/et_pb_column][\/et_pb_row][et_pb_row custom_margin=&#8221;|||||true&#8221; padding_left_right_link_1=&#8221;true&#8221; padding_left_right_link_2=&#8221;true&#8221; padding_right_2=&#8221;41px&#8221; padding_left_2=&#8221;41px&#8221; _builder_version=&#8221;3.11.1&#8243;][et_pb_column type=&#8221;1_2&#8243; _builder_version=&#8221;3.11.1&#8243; parallax=&#8221;off&#8221; parallax_method=&#8221;on&#8221;][et_pb_text _builder_version=&#8221;3.11.1&#8243;] Concentrat prepulverizare utilizabil la orice opera\u021biuni obi\u0219nuite de cur\u0103\u021bare a covoarelor\u00a0\u0219i a tapi\u021beriei, precum \u0219i pentru materialele textile ne\u021besute, compactizate cu pl\u0103ci cu ace\u0219i pentru mochetele Kugelgarn\u00ae Din punct de vedere al [&hellip;]<\/p>\n","protected":false},"author":2,"featured_media":0,"parent":0,"menu_order":0,"comment_status":"closed","ping_status":"closed","template":"","meta":{"_et_pb_use_builder":"on","_et_pb_old_content":"","_et_gb_content_width":""},"_links":{"self":[{"href":"https:\/\/westcarpet.ro\/index.php\/wp-json\/wp\/v2\/pages\/5673"}],"collection":[{"href":"https:\/\/westcarpet.ro\/index.php\/wp-json\/wp\/v2\/pages"}],"about":[{"href":"https:\/\/westcarpet.ro\/index.php\/wp-json\/wp\/v2\/types\/page"}],"author":[{"embeddable":true,"href":"https:\/\/westcarpet.ro\/index.php\/wp-json\/wp\/v2\/users\/2"}],"replies":[{"embeddable":true,"href":"https:\/\/westcarpet.ro\/index.php\/wp-json\/wp\/v2\/comments?post=5673"}],"version-history":[{"count":15,"href":"https:\/\/westcarpet.ro\/index.php\/wp-json\/wp\/v2\/pages\/5673\/revisions"}],"predecessor-version":[{"id":5794,"href":"https:\/\/westcarpet.ro\/index.php\/wp-json\/wp\/v2\/pages\/5673\/revisions\/5794"}],"wp:attachment":[{"href":"https:\/\/westcarpet.ro\/index.php\/wp-json\/wp\/v2\/media?parent=5673"}],"curies":[{"name":"wp","href":"https:\/\/api.w.org\/{rel}","templated":true}]}}